{"id":524,"date":"2025-03-02T14:38:34","date_gmt":"2025-03-02T14:38:34","guid":{"rendered":"http:\/\/www.xn--stmarkail-k8a.no\/?page_id=524"},"modified":"2025-03-02T14:40:35","modified_gmt":"2025-03-02T14:40:35","slug":"hvem-er-tahir-hussain","status":"publish","type":"page","link":"https:\/\/www.xn--stmarkail-k8a.no\/?page_id=524","title":{"rendered":"Tahir Hussain"},"content":{"rendered":"\n<h1 class=\"wp-block-heading\">Om Tahir Hussain<\/h1>\n\n\n\n<h2 class=\"wp-block-heading\">HVEM ER TAHIR?<\/h2>\n\n\n\n<p>Hvor var du da Oddvar Br\u00e5 brakk staven? De fleste av oss kjenner igjen uttrykket fra ski VM 1982. \u00abJeg l\u00e5 i mors armer og h\u00f8rte TV Carlsen skrike\u00bb, \u00abGi mannen en stav da!\u00bb<\/p>\n\n\n\n<p>Det er slik Tahir svarer n\u00e5r han f\u00e5r sp\u00f8rsm\u00e5let. To m\u00e5neder gammel var han den gang. I 2009 \u2013 27 \u00e5r senere \u2013 m\u00f8tte han den gamle skikongen Oddvar Br\u00e5 sammen med John Northug. Pappaen til Tahirs store forbilde, Petter. Dette m\u00f8tet fant sted dagen f\u00f8r Tahir la ut p\u00e5 reisen Den store styrkepr\u00f8ven. Da Tahir kom hjem etter en sv\u00e6rt slitsom tur ble han hjulpet i seng, trett og utmattet. Neste dag da han kom til hektene la han seg p\u00e5 gulvet, fordi skia til Petter ble lagt i senga. Skiene fikk han av John, signert Petter Northug.<\/p>\n\n\n\n<p>Slik er Tahir. Han har sine forbilder og er tro mot dem. I dag er den blinde gutten en rollemodell for mange som sliter med ensomhet, plager og n\u00e5r livets motbakker melder seg.<\/p>\n\n\n\n<h2 class=\"wp-block-heading\">Gir seg aldri<\/h2>\n\n\n\n<p>\u00abJeg gir meg aldri\u00bb sa Tahir underveis da han tr\u00e5kket mot Oslo. P\u00e5 Lillehammer m\u00e5tte han ha hjelp for \u00e5 komme p\u00e5 sykkelen etter en rast, med kroppen full av kramper. \u00abDet er bare 18 mil igjen\u00bb skrek han da pedalene fra hans gode venn Vidar hjalp han i gang.<\/p>\n\n\n\n<p>Historiene rundt Tahir er mange og morsomme, men det viktigste budskapet er \u00e5 fortelle folket, foreldre og barn at \u00abalt er mulig\u00bb. Det sitter bare i hodet.<\/p>\n\n\n\n<p>I dokumentaren \u00abSykkeldr\u00f8mmen\u00bb som gikk p\u00e5 TV2 viser Tahir hvordan han gjennom sin stahet, viljestyrket og sitt positive syn p\u00e5 livet, f\u00e5r gjennomf\u00f8rt sine dr\u00f8mmer p\u00e5 tross av sitt handicap. \u00abJeg vil heller d\u00f8 i naturen enn i senga\u00bb Vi har h\u00f8rt det ofte, og meldingen er klar. For tre \u00e5r siden bidro han til at Tahirlekene s\u00e5 dagens lys i L\u00f8renskog. Han fikk med seg skolesjef og ordf\u00f8rer som gode st\u00f8ttespillere, sammen med \u00f8konomisk st\u00f8tte fra Gjensidigestiftelsen.<\/p>\n\n\n\n<h3 class=\"wp-block-heading\"><em>OPPLEVELSER og utnevnelser!<\/em><\/h3>\n\n\n\n<p>I etterkant av dokumentaren \u00abSykkeldr\u00f8mmen\u00bb har Tahir f\u00e5tt pris som \u00e5rets Norsk-Pakistaner. Juryen p\u00e5pekte at han ved siden av \u00e5 v\u00e6re en rollemodell for norsk-pakistanere, ogs\u00e5 var et sterkt forbilde for alle uansett etnisitet, forutsetninger og bakgrunn.<\/p>\n\n\n\n<div class=\"wp-block-image\"><figure class=\"aligncenter size-full\"><a href=\"https:\/\/www.xn--stmarkail-k8a.no\/wp-content\/uploads\/2025\/03\/20130211-110736.jpg\"><img loading=\"lazy\" decoding=\"async\" width=\"300\" height=\"200\" src=\"https:\/\/www.xn--stmarkail-k8a.no\/wp-content\/uploads\/2025\/03\/20130211-110736.jpg\" alt=\"\" class=\"wp-image-528\"\/><\/a><\/figure><\/div>\n\n\n\n<p>En oppf\u00f8lgende dokumentar p\u00e5 TV2 viste Tahirs fors\u00f8k p\u00e5 \u00e5 n\u00e5 Paralympics i London. Selv om han ikke kom dit har Tahir n\u00e5dd mange andre m\u00e5l.<\/p>\n\n\n\n<p>Hans m\u00e5l er veien mot m\u00e5let. Sykkelen har f\u00f8rt ham gjennom en rekke byer og tettsteder i Norge og utlandet. Under Birkebeinerrittet falt han av sykkelen og rullet inn i skogen. Andre terrengl\u00f8p har for\u00e5rsaket skrubbs\u00e5r og smerter. Der hvor andre bryter p\u00e5 grunn av tidstap, d\u00e5rlig form eller andre uhell, fortsetter Tahir. Under Grenserittet tapte han n\u00f8yaktig 2 timer p\u00e5 punkteringer. Makkeren m\u00e5tte lappe 7 ganger. \u00ab\u00c5 komme til m\u00e5l\u00bb sitter i hue n\u00e5r smerter t\u00e6rer.<\/p>\n\n\n\n<p>Galdh\u00f8piggen har han bes\u00f8kt to ganger. Han har n\u00e5dd en rekke andre fjelltopper og deltatt i flere motbakkel\u00f8p. Som foredragsholder er Tahir ogs\u00e5 etterspurt, og han sier ja til alt. Under et triatlonstevne sv\u00f8mte han feil vei, og hadde brukt 10 min f\u00f8r han rykte tilbake til start. I TV2 serien, Sirkus Northug, forteller Petter at han finner motivasjon gjennom Tahir. Med R\u00f8de Kors var Tahir p\u00e5 bes\u00f8k i Palestina som inspirator for funksjonshemmede der.<\/p>\n\n\n\n<div class=\"wp-block-image\"><figure class=\"aligncenter size-full\"><a href=\"https:\/\/www.xn--stmarkail-k8a.no\/wp-content\/uploads\/2025\/03\/bilde-3-300x300-1.jpg\"><img loading=\"lazy\" decoding=\"async\" width=\"300\" height=\"300\" src=\"https:\/\/www.xn--stmarkail-k8a.no\/wp-content\/uploads\/2025\/03\/bilde-3-300x300-1.jpg\" alt=\"\" class=\"wp-image-529\" srcset=\"https:\/\/www.xn--stmarkail-k8a.no\/wp-content\/uploads\/2025\/03\/bilde-3-300x300-1.jpg 300w, https:\/\/www.xn--stmarkail-k8a.no\/wp-content\/uploads\/2025\/03\/bilde-3-300x300-1-150x150.jpg 150w, https:\/\/www.xn--stmarkail-k8a.no\/wp-content\/uploads\/2025\/03\/bilde-3-300x300-1-270x270.jpg 270w\" sizes=\"auto, (max-width: 300px) 100vw, 300px\" \/><\/a><\/figure><\/div>\n","protected":false},"excerpt":{"rendered":"<p>Om Tahir Hussain HVEM ER TAHIR? Hvor var du da Oddvar Br\u00e5 brakk staven? De fleste av oss kjenner igjen uttrykket fra ski VM 1982. \u00abJeg l\u00e5 i mors armer og h\u00f8rte TV Carlsen skrike\u00bb, \u00abGi mannen en stav da!\u00bb Det er slik Tahir svarer n\u00e5r han f\u00e5r sp\u00f8rsm\u00e5let. To m\u00e5neder gammel var han den gang. I 2009 \u2013 27 \u00e5r senere \u2013 m\u00f8tte han den gamle skikongen Oddvar Br\u00e5 sammen med John Northug. Pappaen til Tahirs store forbilde, Petter&#8230;.<\/p>\n<p class=\"read-more\"><a class=\"btn btn-default\" href=\"https:\/\/www.xn--stmarkail-k8a.no\/?page_id=524\">Les mer<span class=\"screen-reader-text\"> Les mer<\/span><\/a><\/p>\n","protected":false},"author":1,"featured_media":0,"parent":0,"menu_order":0,"comment_status":"closed","ping_status":"closed","template":"","meta":{"footnotes":""},"class_list":["post-524","page","type-page","status-publish","hentry"],"yoast_head":"<!-- This site is optimized with the Yoast SEO plugin v27.5 - https:\/\/yoast.com\/product\/yoast-seo-wordpress\/ -->\n<title>Tahir Hussain - \u00d8stmarka IL<\/title>\n<meta name=\"robots\" content=\"index, follow, max-snippet:-1, max-image-preview:large, max-video-preview:-1\" \/>\n<link rel=\"canonical\" href=\"https:\/\/www.xn--stmarkail-k8a.no\/?page_id=524\" \/>\n<meta property=\"og:locale\" content=\"nb_NO\" \/>\n<meta property=\"og:type\" content=\"article\" \/>\n<meta property=\"og:title\" content=\"Tahir Hussain - \u00d8stmarka IL\" \/>\n<meta property=\"og:description\" content=\"Om Tahir Hussain HVEM ER TAHIR? Hvor var du da Oddvar Br\u00e5 brakk staven? De fleste av oss kjenner igjen uttrykket fra ski VM 1982. \u00abJeg l\u00e5 i mors armer og h\u00f8rte TV Carlsen skrike\u00bb, \u00abGi mannen en stav da!\u00bb Det er slik Tahir svarer n\u00e5r han f\u00e5r sp\u00f8rsm\u00e5let. To m\u00e5neder gammel var han den gang. I 2009 \u2013 27 \u00e5r senere \u2013 m\u00f8tte han den gamle skikongen Oddvar Br\u00e5 sammen med John Northug. Pappaen til Tahirs store forbilde, Petter....Les mer Les mer\" \/>\n<meta property=\"og:url\" content=\"https:\/\/www.xn--stmarkail-k8a.no\/?page_id=524\" \/>\n<meta property=\"og:site_name\" content=\"\u00d8stmarka IL\" \/>\n<meta property=\"article:modified_time\" content=\"2025-03-02T14:40:35+00:00\" \/>\n<meta property=\"og:image\" content=\"http:\/\/www.xn--stmarkail-k8a.no\/wp-content\/uploads\/2025\/03\/20130211-110736.jpg\" \/>\n<meta name=\"twitter:card\" content=\"summary_large_image\" \/>\n<meta name=\"twitter:label1\" content=\"Ansl. lesetid\" \/>\n\t<meta name=\"twitter:data1\" content=\"3 minutter\" \/>\n<script type=\"application\/ld+json\" class=\"yoast-schema-graph\">{\"@context\":\"https:\\\/\\\/schema.org\",\"@graph\":[{\"@type\":\"WebPage\",\"@id\":\"https:\\\/\\\/www.xn--stmarkail-k8a.no\\\/?page_id=524\",\"url\":\"https:\\\/\\\/www.xn--stmarkail-k8a.no\\\/?page_id=524\",\"name\":\"Tahir Hussain - \u00d8stmarka IL\",\"isPartOf\":{\"@id\":\"https:\\\/\\\/www.xn--stmarkail-k8a.no\\\/#website\"},\"primaryImageOfPage\":{\"@id\":\"https:\\\/\\\/www.xn--stmarkail-k8a.no\\\/?page_id=524#primaryimage\"},\"image\":{\"@id\":\"https:\\\/\\\/www.xn--stmarkail-k8a.no\\\/?page_id=524#primaryimage\"},\"thumbnailUrl\":\"http:\\\/\\\/www.xn--stmarkail-k8a.no\\\/wp-content\\\/uploads\\\/2025\\\/03\\\/20130211-110736.jpg\",\"datePublished\":\"2025-03-02T14:38:34+00:00\",\"dateModified\":\"2025-03-02T14:40:35+00:00\",\"breadcrumb\":{\"@id\":\"https:\\\/\\\/www.xn--stmarkail-k8a.no\\\/?page_id=524#breadcrumb\"},\"inLanguage\":\"nb-NO\",\"potentialAction\":[{\"@type\":\"ReadAction\",\"target\":[\"https:\\\/\\\/www.xn--stmarkail-k8a.no\\\/?page_id=524\"]}]},{\"@type\":\"ImageObject\",\"inLanguage\":\"nb-NO\",\"@id\":\"https:\\\/\\\/www.xn--stmarkail-k8a.no\\\/?page_id=524#primaryimage\",\"url\":\"http:\\\/\\\/www.xn--stmarkail-k8a.no\\\/wp-content\\\/uploads\\\/2025\\\/03\\\/20130211-110736.jpg\",\"contentUrl\":\"http:\\\/\\\/www.xn--stmarkail-k8a.no\\\/wp-content\\\/uploads\\\/2025\\\/03\\\/20130211-110736.jpg\"},{\"@type\":\"BreadcrumbList\",\"@id\":\"https:\\\/\\\/www.xn--stmarkail-k8a.no\\\/?page_id=524#breadcrumb\",\"itemListElement\":[{\"@type\":\"ListItem\",\"position\":1,\"name\":\"Hjem\",\"item\":\"https:\\\/\\\/www.xn--stmarkail-k8a.no\\\/\"},{\"@type\":\"ListItem\",\"position\":2,\"name\":\"Tahir Hussain\"}]},{\"@type\":\"WebSite\",\"@id\":\"https:\\\/\\\/www.xn--stmarkail-k8a.no\\\/#website\",\"url\":\"https:\\\/\\\/www.xn--stmarkail-k8a.no\\\/\",\"name\":\"\u00d8stmarka IL\",\"description\":\"\",\"potentialAction\":[{\"@type\":\"SearchAction\",\"target\":{\"@type\":\"EntryPoint\",\"urlTemplate\":\"https:\\\/\\\/www.xn--stmarkail-k8a.no\\\/?s={search_term_string}\"},\"query-input\":{\"@type\":\"PropertyValueSpecification\",\"valueRequired\":true,\"valueName\":\"search_term_string\"}}],\"inLanguage\":\"nb-NO\"}]}<\/script>\n<!-- \/ Yoast SEO plugin. -->","yoast_head_json":{"title":"Tahir Hussain - \u00d8stmarka IL","robots":{"index":"index","follow":"follow","max-snippet":"max-snippet:-1","max-image-preview":"max-image-preview:large","max-video-preview":"max-video-preview:-1"},"canonical":"https:\/\/www.xn--stmarkail-k8a.no\/?page_id=524","og_locale":"nb_NO","og_type":"article","og_title":"Tahir Hussain - \u00d8stmarka IL","og_description":"Om Tahir Hussain HVEM ER TAHIR? Hvor var du da Oddvar Br\u00e5 brakk staven? De fleste av oss kjenner igjen uttrykket fra ski VM 1982. \u00abJeg l\u00e5 i mors armer og h\u00f8rte TV Carlsen skrike\u00bb, \u00abGi mannen en stav da!\u00bb Det er slik Tahir svarer n\u00e5r han f\u00e5r sp\u00f8rsm\u00e5let. To m\u00e5neder gammel var han den gang. I 2009 \u2013 27 \u00e5r senere \u2013 m\u00f8tte han den gamle skikongen Oddvar Br\u00e5 sammen med John Northug. Pappaen til Tahirs store forbilde, Petter....Les mer Les mer","og_url":"https:\/\/www.xn--stmarkail-k8a.no\/?page_id=524","og_site_name":"\u00d8stmarka IL","article_modified_time":"2025-03-02T14:40:35+00:00","og_image":[{"url":"http:\/\/www.xn--stmarkail-k8a.no\/wp-content\/uploads\/2025\/03\/20130211-110736.jpg","type":"","width":"","height":""}],"twitter_card":"summary_large_image","twitter_misc":{"Ansl. lesetid":"3 minutter"},"schema":{"@context":"https:\/\/schema.org","@graph":[{"@type":"WebPage","@id":"https:\/\/www.xn--stmarkail-k8a.no\/?page_id=524","url":"https:\/\/www.xn--stmarkail-k8a.no\/?page_id=524","name":"Tahir Hussain - \u00d8stmarka IL","isPartOf":{"@id":"https:\/\/www.xn--stmarkail-k8a.no\/#website"},"primaryImageOfPage":{"@id":"https:\/\/www.xn--stmarkail-k8a.no\/?page_id=524#primaryimage"},"image":{"@id":"https:\/\/www.xn--stmarkail-k8a.no\/?page_id=524#primaryimage"},"thumbnailUrl":"http:\/\/www.xn--stmarkail-k8a.no\/wp-content\/uploads\/2025\/03\/20130211-110736.jpg","datePublished":"2025-03-02T14:38:34+00:00","dateModified":"2025-03-02T14:40:35+00:00","breadcrumb":{"@id":"https:\/\/www.xn--stmarkail-k8a.no\/?page_id=524#breadcrumb"},"inLanguage":"nb-NO","potentialAction":[{"@type":"ReadAction","target":["https:\/\/www.xn--stmarkail-k8a.no\/?page_id=524"]}]},{"@type":"ImageObject","inLanguage":"nb-NO","@id":"https:\/\/www.xn--stmarkail-k8a.no\/?page_id=524#primaryimage","url":"http:\/\/www.xn--stmarkail-k8a.no\/wp-content\/uploads\/2025\/03\/20130211-110736.jpg","contentUrl":"http:\/\/www.xn--stmarkail-k8a.no\/wp-content\/uploads\/2025\/03\/20130211-110736.jpg"},{"@type":"BreadcrumbList","@id":"https:\/\/www.xn--stmarkail-k8a.no\/?page_id=524#breadcrumb","itemListElement":[{"@type":"ListItem","position":1,"name":"Hjem","item":"https:\/\/www.xn--stmarkail-k8a.no\/"},{"@type":"ListItem","position":2,"name":"Tahir Hussain"}]},{"@type":"WebSite","@id":"https:\/\/www.xn--stmarkail-k8a.no\/#website","url":"https:\/\/www.xn--stmarkail-k8a.no\/","name":"\u00d8stmarka IL","description":"","potentialAction":[{"@type":"SearchAction","target":{"@type":"EntryPoint","urlTemplate":"https:\/\/www.xn--stmarkail-k8a.no\/?s={search_term_string}"},"query-input":{"@type":"PropertyValueSpecification","valueRequired":true,"valueName":"search_term_string"}}],"inLanguage":"nb-NO"}]}},"_links":{"self":[{"href":"https:\/\/www.xn--stmarkail-k8a.no\/index.php?rest_route=\/wp\/v2\/pages\/524","targetHints":{"allow":["GET"]}}],"collection":[{"href":"https:\/\/www.xn--stmarkail-k8a.no\/index.php?rest_route=\/wp\/v2\/pages"}],"about":[{"href":"https:\/\/www.xn--stmarkail-k8a.no\/index.php?rest_route=\/wp\/v2\/types\/page"}],"author":[{"embeddable":true,"href":"https:\/\/www.xn--stmarkail-k8a.no\/index.php?rest_route=\/wp\/v2\/users\/1"}],"replies":[{"embeddable":true,"href":"https:\/\/www.xn--stmarkail-k8a.no\/index.php?rest_route=%2Fwp%2Fv2%2Fcomments&post=524"}],"version-history":[{"count":3,"href":"https:\/\/www.xn--stmarkail-k8a.no\/index.php?rest_route=\/wp\/v2\/pages\/524\/revisions"}],"predecessor-version":[{"id":531,"href":"https:\/\/www.xn--stmarkail-k8a.no\/index.php?rest_route=\/wp\/v2\/pages\/524\/revisions\/531"}],"wp:attachment":[{"href":"https:\/\/www.xn--stmarkail-k8a.no\/index.php?rest_route=%2Fwp%2Fv2%2Fmedia&parent=524"}],"curies":[{"name":"wp","href":"https:\/\/api.w.org\/{rel}","templated":true}]}}