{"id":534,"date":"2025-03-02T15:13:24","date_gmt":"2025-03-02T15:13:24","guid":{"rendered":"http:\/\/www.xn--stmarkail-k8a.no\/?page_id=534"},"modified":"2025-03-02T15:23:34","modified_gmt":"2025-03-02T15:23:34","slug":"tahirlekene-arkiv","status":"publish","type":"page","link":"https:\/\/www.xn--stmarkail-k8a.no\/?page_id=534","title":{"rendered":"Tahirlekene (Arkiv)"},"content":{"rendered":"<article class=\"tahir-post\">  <!-- Tahir i hoppbakken --><\/p>\n<section class=\"media-block\">\n<figure>\n      <img decoding=\"async\" src=\"https:\/\/www.xn--stmarkail-k8a.no\/wp-content\/uploads\/2025\/03\/DSC04124-300x199-1.jpg\" alt=\"Tahir i hoppbakken\"><figcaption>\n<h2>Tahir i hoppbakken!<\/h2>\n<p><time datetime=\"2014-06-27\">27\/06\/2014<\/time><br \/>\n<\/figcaption><\/figure>\n<p>Tahir tok sats under \u00e5rets Storsamling for hoppere i Midtstubakken. Med gode r\u00e5d fra Stortssjef i Hoppforbundet, Claes Brede Br\u00e5then, le Tahir ut fra bommen i 10 meters bakken.<\/p>\n<\/section>\n<p>  <!-- Tahir vinner Holmenkollstafetten med Team RP --><\/p>\n<section class=\"media-block\">\n<figure>\n      <img decoding=\"async\" src=\"https:\/\/www.xn--stmarkail-k8a.no\/wp-content\/uploads\/2025\/03\/Team-RP-1-web-300x200-1.jpg\" alt=\"Tahir vinner Holmenkollstafetten med Team RP\"><figcaption>\n<h2>Tahir vinner Holmenkollstafetten med Team RP<\/h2>\n<p><time datetime=\"2013-05-15\">15\/05\/2013<\/time><br \/>\n<\/figcaption><\/figure>\n<p>Tahir har igjen vist at han n\u00e5r m\u00e5lene han setter seg. 8000 mennesker startet det 90 km lange l\u00f8pet, 6000 kom i m\u00e5l. En av dem var Tahir.<\/p>\n<\/section>\n<p>  <!-- Tahir satser mot Vasaloppet 2014 --><\/p>\n<section class=\"media-block\">\n<figure>\n      <img decoding=\"async\" src=\"https:\/\/www.xn--stmarkail-k8a.no\/wp-content\/uploads\/2025\/03\/vasaloppet-300x199-1.jpg\" alt=\"Tahir satser mot Vasaloppet 2014\"><figcaption>\n<h2>Tahir satser mot Vasaloppet 2014!<\/h2>\n<p><time datetime=\"2013-04-10\">10\/04\/2013<\/time><br \/>\n<\/figcaption><\/figure>\n<p>I disse dager begynner Tahir oppkj\u00f8ringen mot Vasaloppet 2014. Der er det meningen at han skal g\u00e5 \u00ab\u00c5pent Spor\u00bb mandag 24.februar. Vidar B\u00f8e m\/flere fra \u00d8stmarka IL og et team fra Svarstad Idrettslag skal s\u00f8rge for at Tahir stiller godt forberedt og at han under selve konkurransen har gode ledsagere, gode ski og et godt st\u00f8tteapparat ellers. Det vil v\u00e6re en STOR prestasjon av Tahir med sitt handikap \u00e5 gjennomf\u00f8re det 90 km lange l\u00f8pet i februar, men b\u00e5de han og st\u00f8tteapparatet rundt har stor tro p\u00e5 at det skal bli en flott opplevelse og \u00abseier\u00bb.<\/p>\n<\/section>\n<p>  <!-- Tahirleker med midler fra Gjensidigestiftelsen --><\/p>\n<section class=\"media-block\">\n<figure>\n      <img decoding=\"async\" src=\"https:\/\/www.xn--stmarkail-k8a.no\/wp-content\/uploads\/2025\/03\/DSC00720-300x199-1.jpg\" alt=\"Tahirleker med midler fra Gjensidigestiftelsen\"><figcaption>\n<h2>Tahirleker med midler fra Gjensidigestiftelsen<\/h2>\n<p><time datetime=\"2013-04-04\">04\/04\/2013<\/time><br \/>\n<\/figcaption><\/figure>\n<p>\u00abGjensidigestiftelsen er opptatt av forebyggende og aktivitetsskapende prosjekter rettet spesielt mot barn og unge. Gjennom prosjektet \u201cTahir-lekene\u201d f\u00e5r alle barna mulighet til \u00e5 v\u00e6re med p\u00e5 laget \u2013 uansett utgangspunkt. Dette er et prosjekt som viser \u201cEn for alle \u2013alle for en\u201d i praksis. Vi er stolte av \u00e5 kunne bidra til at barneskoler rundt i landet kan f\u00e5 mulighet til \u00e5 oppleve Tahir-lekene i eget lokalmilj\u00f8. Sammen med frivillige lokalt, skapes det gode opplevelser for sm\u00e5 og store.\u00bb<br \/>\n<strong>Veslem\u00f8y Rue Barkenes, Leder Gavetildelinger<\/strong><\/p>\n<\/section>\n<p>  <!-- Tahirleker i Svarstad --><\/p>\n<section class=\"media-block\">\n<figure>\n      <img decoding=\"async\" src=\"https:\/\/www.xn--stmarkail-k8a.no\/wp-content\/uploads\/2025\/03\/DSC00598-300x199-1.jpg\" alt=\"Tahirleker i Svarstad\"><figcaption>\n<h2>Tahirleker i Svarstad!<\/h2>\n<p><time datetime=\"2013-03-07\">07\/03\/2013<\/time><br \/>\n<\/figcaption><\/figure>\n<p>En fantastisk dag p\u00e5 Borgen (B\u00f8rja), Skisarenaen i Svarstad! Skole, Kommune, Kirke og Idrettslag har st\u00e5tt p\u00e5 og var godt forberedt til denne dagen \u2013 slik at 200 elever skulle f\u00e5 en super skoledag. Dagen begynte med innmarsj og tenning av b\u00e5let. Deretter var det lek og moro i sn\u00f8en med aktiviteter som skifotball, tautrekking, aking, natursti og blindel\u00f8ype. Et av h\u00f8ydepunktene var sprint mellom l\u00e6rere med bind for \u00f8ynene og Tahir. P\u00e5 kvelden var det lagt opp til livsmestringsseminar der John Northug snakket om hvordan det har v\u00e6rt \u00e5 v\u00e6re far til verdens beste skil\u00f8per. Vi er glade for at John tok turen til Svarstad direkte fra Val di Fiemme, der Petter tok 2 gull og en s\u00f8lvmedalje i VM. Vidar og Tahir holdt ogs\u00e5 et innlegg denne kvelden.<\/p>\n<\/section>\n<p>  <!-- Veidekke \u2013 tilbake til barna --><\/p>\n<section class=\"media-block\">\n<figure>\n      <img decoding=\"async\" src=\"https:\/\/www.xn--stmarkail-k8a.no\/wp-content\/uploads\/2025\/03\/Tahirleker-veidekke-300x200-1.jpeg\" alt=\"Pengene skal g\u00e5 tilbake til barna\"><figcaption>\n<h2>-Disse pengene skal g\u00e5 tilbake til barna<\/h2>\n<p><time datetime=\"2013-02-14\">14\/02\/2013<\/time><br \/>\n<\/figcaption><\/figure>\n<p>9. februar mottok Veidekke en sjekk p\u00e5 10 000 kroner for \u00e5 ha stilt med flest deltakere under Holmenkollmarsjen i Oslo. Onsdag 13. februar ga leder for bedriftsidrettslaget i Veidekke, Kaare Gilhus, pengene videre til Tahir Hussain og Tahirlekene.<\/p>\n<\/section>\n<p>  <!-- Ordf\u00f8rer \u00c5ge Tovan i L\u00f8renskog --><\/p>\n<section class=\"media-block\">\n<figure>\n      <img decoding=\"async\" src=\"https:\/\/www.xn--stmarkail-k8a.no\/wp-content\/uploads\/2025\/03\/DSC_2013-300x199-1.jpg\" alt=\"Ordf\u00f8rer \u00c5ge Tovan i L\u00f8renskog\"><figcaption>\n<h2>Ordf\u00f8rer \u00c5ge Tovan i L\u00f8renskog er stolt av Tahirlekene<\/h2>\n<p><time datetime=\"2013-02-14\">14\/02\/2013<\/time><br \/>\n<\/figcaption><\/figure>\n<p>I tre \u00e5r har Tahirlekene blitt arrangert i R\u00e5dhusparken i L\u00f8renskog. Hvert \u00e5r har alle elever i kommunen i 6. trinn v\u00e6rt med. Elever fra \u00e5rets 6., 7. og 8. trinn har deltatt i lekene og f\u00e5tt et forhold til Tahir og hans verdier. Med st\u00f8tte fra Gjensidigestiftelsen har dette v\u00e6rt et pilotprosjekt for det som n\u00e5 skal bli arrangert i andre kommuner og fylker fremover. I et m\u00f8te mellom \u00d8stmarka IL, Gjensidigestiftelsen, rektorene fra alle barneskolene i L\u00f8renskog kommune og en l\u00e6rer fra L\u00f8renskog videreg\u00e5ende skole uttrykte ordf\u00f8rer \u00c5ge Tovan at han var stolt over den suksessen Tahirlekene har oppn\u00e5dd i L\u00f8renskog. Alle rektorer var enige om at lekene har utviklet seg og blitt bedre gjennom disse tre \u00e5rene, og spesielt fadderordningen med elever fra L\u00f8renskog videreg\u00e5ende skole ble trukket frem som en viktig del av utviklingen. B\u00e5de ordf\u00f8rer og rektorer h\u00e5per at Tahirlekene ogs\u00e5 vil bli like vellykket i andre kommuner i \u00e5rene som kommer.<\/p>\n<\/section>\n<p>  <!-- Ungdomstiltak \u2013 med naturen som arena --><\/p>\n<section class=\"media-block\">\n<figure>\n      <img decoding=\"async\" src=\"https:\/\/www.xn--stmarkail-k8a.no\/wp-content\/uploads\/2025\/03\/utf-8images_5.jpg\" alt=\"Ungdomstiltak \u2013 med naturen som arena\"><figcaption>\n<h2>UNGDOMSTILTAK \u2013 med naturen som arena!<\/h2>\n<p><time datetime=\"2013-02-09\">09\/02\/2013<\/time><br \/>\n<\/figcaption><\/figure>\n<p>Friluftsliv og naturopplevelser er viktige innslag i virksomheten. \u00abAktivitet under \u00e5pen himmel\u00bb er ikke bare helsefremmende og milj\u00f8vennlig \u2013 den bedrer ogs\u00e5 livskvaliteten. Mange av ungdommene i m\u00e5lgruppen har et s\u00e5rbart sosialt nettverk, og det er fristende \u00e5 s\u00f8ke kontakt med milj\u00f8er med h\u00f8y toleranse for kriminalitet og rusmisbruk. Vi har erfart at naturen er god medisin for den mentale helsen. Prosessen fra aktivitet i naturen til et fadderskap spiller en sentral rolle. Vi er overbevist om at v\u00e5r ordning med ungdomsfaddere har en positiv effekt. Samarbeidet med videreg\u00e5ende skoler har vist at modellen v\u00e5r har v\u00e6rt til stor nytte. Ved \u00e5 la engasjerte, ressurssterke ungdommer gjennom aktiviteter i naturen hjelpe andre, bidrar vi til at flere bryter ut av kriminelle milj\u00f8er og rus. Et vesentlig m\u00e5l er \u00e5 f\u00e5 flere ungdommer som \u00abfaller ut\u00bb til \u00e5 tre inn som ledere, for deretter \u00e5 f\u00f8lge opp andre barn med lignende utfordringer.<\/p>\n<\/section>\n<p>  <!-- Tahirlekene vokser med st\u00f8tte fra Gjensidigestiftelsen --><\/p>\n<section class=\"media-block\">\n<figure>\n      <img decoding=\"async\" src=\"https:\/\/www.xn--stmarkail-k8a.no\/wp-content\/uploads\/2025\/03\/testbilde-300x226-1.png\" alt=\"Tahirlekene vokser med st\u00f8tte fra Gjensidigestiftelsen\"><figcaption>\n<h2>Tahirlekene vokser med st\u00f8tte fra Gjensidigestiftelsen!<\/h2>\n<p><time datetime=\"2013-02-04\">04\/02\/2013<\/time><br \/>\n<\/figcaption><\/figure>\n<p>Tahirlekene ble f\u00f8rste gang arrangert i 2010. P\u00e5 bakgrunn av tidligere leker har \u00d8stmarka IL f\u00e5tt innvilget midler for tre nye \u00e5r under mottoet \u00abReservebenken skal brennes\u00bb. S\u00e5 langt har Tahirlekene gitt oss verdifull erfaring med m\u00e5lsetting, og lekene skal n\u00e5 utvides til flere fylker. Skolene og kommunen har v\u00e6rt viktige og avgj\u00f8rende samarbeidspartnere, og den store oppslutningen og medieinteressen bekrefter behovet og verdien av prosjektet. Stikkord som mestring, inkludering, fellesskap og gode rollemodeller preger prosjektet. Jakten p\u00e5 prestasjoner er byttet ut med lek og lag\u00e5nd, og budskapet om at \u00abreservebenken skal brennes\u00bb og Tahirs r\u00e5d om at \u00abtv og data skal kastes\u00bb styrker ideen om at \u00ableken p\u00e5 l\u00f8kka\u00bb gir oss de beste minnene fra oppveksten. Tahir understreker at alle kan ha en d\u00e5rlig dag, og at vi derfor m\u00e5 hjelpe hverandre. Prosjektet formidles gjennom personlige m\u00f8ter med skole og idrettslag, og suksessfaktoren ligger i aktiv deltakelse p\u00e5 hvert enkelt arrangement.<\/p>\n<\/section>\n<p>  <!-- \"Jeg gir meg aldri\" --><\/p>\n<section class=\"media-block\">\n<figure>\n      <img decoding=\"async\" src=\"https:\/\/www.xn--stmarkail-k8a.no\/wp-content\/uploads\/2025\/03\/IMG_8625.jpg\" alt=\"Jeg gir meg aldri\"><figcaption>\n<h2>\u00abJeg gir meg aldri\u00bb<\/h2>\n<p><time datetime=\"2013-02-04\">04\/02\/2013<\/time><br \/>\n<\/figcaption><\/figure>\n<p>\u00abJeg gir meg aldri\u00bb, sa Tahir underveis da han tr\u00e5kket mot Oslo. P\u00e5 Lillehammer m\u00e5tte han f\u00e5 hjelp for \u00e5 komme p\u00e5 sykkelen etter en rast, med kroppen full av kramper. \u00abDet er bare 18 mil igjen\u00bb, ropte han da pedalene fra hans gode venn Vidar hjalp ham i gang.<\/p>\n<\/section>\n<p>  <!-- Avsluttende notater --><\/p>\n<section class=\"final-notes\">\n      Historiene rundt Tahir er mange og morsomme, men det viktigste budskapet er \u00e5 fortelle folket, foreldre og barn at \u00abalt er mulig\u00bb. Det sitter bare i hodet.<\/p>\n<p>I dokumentaren \u201dSykkeldr\u00f8mmen\u201d p\u00e5 TV2 ser vi hvordan Tahir, gjennom sin stahet, viljestyrke og positive syn p\u00e5 livet, overkommer sitt handicap for \u00e5 realisere sine dr\u00f8mmer. \u00abJeg vil heller d\u00f8 i naturen enn i senga\u00bb \u2013 et budskap som understreker hans utrettelige engasjement. For tre \u00e5r siden bidro han til at Tahirlekene s\u00e5 dagens lys i L\u00f8renskog, med st\u00f8tte fra skolesjef, ordf\u00f8rer og Gjensidigestiftelsen.<\/p>\n<\/section>\n<\/article>\n","protected":false},"excerpt":{"rendered":"<p>Tahir i hoppbakken! 27\/06\/2014 Tahir tok sats under \u00e5rets Storsamling for hoppere i Midtstubakken. Med gode r\u00e5d fra Stortssjef i Hoppforbundet, Claes Brede Br\u00e5then, le Tahir ut fra bommen i 10 meters bakken. Tahir vinner Holmenkollstafetten med Team RP 15\/05\/2013 Tahir har igjen vist at han n\u00e5r m\u00e5lene han setter seg. 8000 mennesker startet det 90 km lange l\u00f8pet, 6000 kom i m\u00e5l. En av dem var Tahir. Tahir satser mot Vasaloppet 2014! 10\/04\/2013 I disse dager begynner Tahir oppkj\u00f8ringen&#8230;<\/p>\n<p class=\"read-more\"><a class=\"btn btn-default\" href=\"https:\/\/www.xn--stmarkail-k8a.no\/?page_id=534\">Les mer<span class=\"screen-reader-text\"> Les mer<\/span><\/a><\/p>\n","protected":false},"author":1,"featured_media":0,"parent":0,"menu_order":0,"comment_status":"closed","ping_status":"closed","template":"","meta":{"footnotes":""},"class_list":["post-534","page","type-page","status-publish","hentry"],"yoast_head":"<!-- This site is optimized with the Yoast SEO plugin v27.5 - https:\/\/yoast.com\/product\/yoast-seo-wordpress\/ -->\n<title>Tahirlekene (Arkiv) - \u00d8stmarka IL<\/title>\n<meta name=\"robots\" content=\"index, follow, max-snippet:-1, max-image-preview:large, max-video-preview:-1\" \/>\n<link rel=\"canonical\" href=\"https:\/\/www.xn--stmarkail-k8a.no\/?page_id=534\" \/>\n<meta property=\"og:locale\" content=\"nb_NO\" \/>\n<meta property=\"og:type\" content=\"article\" \/>\n<meta property=\"og:title\" content=\"Tahirlekene (Arkiv) - \u00d8stmarka IL\" \/>\n<meta property=\"og:description\" content=\"Tahir i hoppbakken! 27\/06\/2014 Tahir tok sats under \u00e5rets Storsamling for hoppere i Midtstubakken. Med gode r\u00e5d fra Stortssjef i Hoppforbundet, Claes Brede Br\u00e5then, le Tahir ut fra bommen i 10 meters bakken. Tahir vinner Holmenkollstafetten med Team RP 15\/05\/2013 Tahir har igjen vist at han n\u00e5r m\u00e5lene han setter seg. 8000 mennesker startet det 90 km lange l\u00f8pet, 6000 kom i m\u00e5l. En av dem var Tahir. Tahir satser mot Vasaloppet 2014! 10\/04\/2013 I disse dager begynner Tahir oppkj\u00f8ringen...Les mer Les mer\" \/>\n<meta property=\"og:url\" content=\"https:\/\/www.xn--stmarkail-k8a.no\/?page_id=534\" \/>\n<meta property=\"og:site_name\" content=\"\u00d8stmarka IL\" \/>\n<meta property=\"article:modified_time\" content=\"2025-03-02T15:23:34+00:00\" \/>\n<meta property=\"og:image\" content=\"http:\/\/www.xn--stmarkail-k8a.no\/wp-content\/uploads\/2025\/03\/DSC04124-300x199-1.jpg\" \/>\n<meta name=\"twitter:card\" content=\"summary_large_image\" \/>\n<meta name=\"twitter:label1\" content=\"Ansl. lesetid\" \/>\n\t<meta name=\"twitter:data1\" content=\"6 minutter\" \/>\n<script type=\"application\/ld+json\" class=\"yoast-schema-graph\">{\"@context\":\"https:\\\/\\\/schema.org\",\"@graph\":[{\"@type\":\"WebPage\",\"@id\":\"https:\\\/\\\/www.xn--stmarkail-k8a.no\\\/?page_id=534\",\"url\":\"https:\\\/\\\/www.xn--stmarkail-k8a.no\\\/?page_id=534\",\"name\":\"Tahirlekene (Arkiv) - \u00d8stmarka IL\",\"isPartOf\":{\"@id\":\"https:\\\/\\\/www.xn--stmarkail-k8a.no\\\/#website\"},\"primaryImageOfPage\":{\"@id\":\"https:\\\/\\\/www.xn--stmarkail-k8a.no\\\/?page_id=534#primaryimage\"},\"image\":{\"@id\":\"https:\\\/\\\/www.xn--stmarkail-k8a.no\\\/?page_id=534#primaryimage\"},\"thumbnailUrl\":\"http:\\\/\\\/www.xn--stmarkail-k8a.no\\\/wp-content\\\/uploads\\\/2025\\\/03\\\/DSC04124-300x199-1.jpg\",\"datePublished\":\"2025-03-02T15:13:24+00:00\",\"dateModified\":\"2025-03-02T15:23:34+00:00\",\"breadcrumb\":{\"@id\":\"https:\\\/\\\/www.xn--stmarkail-k8a.no\\\/?page_id=534#breadcrumb\"},\"inLanguage\":\"nb-NO\",\"potentialAction\":[{\"@type\":\"ReadAction\",\"target\":[\"https:\\\/\\\/www.xn--stmarkail-k8a.no\\\/?page_id=534\"]}]},{\"@type\":\"ImageObject\",\"inLanguage\":\"nb-NO\",\"@id\":\"https:\\\/\\\/www.xn--stmarkail-k8a.no\\\/?page_id=534#primaryimage\",\"url\":\"http:\\\/\\\/www.xn--stmarkail-k8a.no\\\/wp-content\\\/uploads\\\/2025\\\/03\\\/DSC04124-300x199-1.jpg\",\"contentUrl\":\"http:\\\/\\\/www.xn--stmarkail-k8a.no\\\/wp-content\\\/uploads\\\/2025\\\/03\\\/DSC04124-300x199-1.jpg\"},{\"@type\":\"BreadcrumbList\",\"@id\":\"https:\\\/\\\/www.xn--stmarkail-k8a.no\\\/?page_id=534#breadcrumb\",\"itemListElement\":[{\"@type\":\"ListItem\",\"position\":1,\"name\":\"Hjem\",\"item\":\"https:\\\/\\\/www.xn--stmarkail-k8a.no\\\/\"},{\"@type\":\"ListItem\",\"position\":2,\"name\":\"Tahirlekene (Arkiv)\"}]},{\"@type\":\"WebSite\",\"@id\":\"https:\\\/\\\/www.xn--stmarkail-k8a.no\\\/#website\",\"url\":\"https:\\\/\\\/www.xn--stmarkail-k8a.no\\\/\",\"name\":\"\u00d8stmarka IL\",\"description\":\"\",\"potentialAction\":[{\"@type\":\"SearchAction\",\"target\":{\"@type\":\"EntryPoint\",\"urlTemplate\":\"https:\\\/\\\/www.xn--stmarkail-k8a.no\\\/?s={search_term_string}\"},\"query-input\":{\"@type\":\"PropertyValueSpecification\",\"valueRequired\":true,\"valueName\":\"search_term_string\"}}],\"inLanguage\":\"nb-NO\"}]}<\/script>\n<!-- \/ Yoast SEO plugin. -->","yoast_head_json":{"title":"Tahirlekene (Arkiv) - \u00d8stmarka IL","robots":{"index":"index","follow":"follow","max-snippet":"max-snippet:-1","max-image-preview":"max-image-preview:large","max-video-preview":"max-video-preview:-1"},"canonical":"https:\/\/www.xn--stmarkail-k8a.no\/?page_id=534","og_locale":"nb_NO","og_type":"article","og_title":"Tahirlekene (Arkiv) - \u00d8stmarka IL","og_description":"Tahir i hoppbakken! 27\/06\/2014 Tahir tok sats under \u00e5rets Storsamling for hoppere i Midtstubakken. Med gode r\u00e5d fra Stortssjef i Hoppforbundet, Claes Brede Br\u00e5then, le Tahir ut fra bommen i 10 meters bakken. Tahir vinner Holmenkollstafetten med Team RP 15\/05\/2013 Tahir har igjen vist at han n\u00e5r m\u00e5lene han setter seg. 8000 mennesker startet det 90 km lange l\u00f8pet, 6000 kom i m\u00e5l. En av dem var Tahir. Tahir satser mot Vasaloppet 2014! 10\/04\/2013 I disse dager begynner Tahir oppkj\u00f8ringen...Les mer Les mer","og_url":"https:\/\/www.xn--stmarkail-k8a.no\/?page_id=534","og_site_name":"\u00d8stmarka IL","article_modified_time":"2025-03-02T15:23:34+00:00","og_image":[{"url":"http:\/\/www.xn--stmarkail-k8a.no\/wp-content\/uploads\/2025\/03\/DSC04124-300x199-1.jpg","type":"","width":"","height":""}],"twitter_card":"summary_large_image","twitter_misc":{"Ansl. lesetid":"6 minutter"},"schema":{"@context":"https:\/\/schema.org","@graph":[{"@type":"WebPage","@id":"https:\/\/www.xn--stmarkail-k8a.no\/?page_id=534","url":"https:\/\/www.xn--stmarkail-k8a.no\/?page_id=534","name":"Tahirlekene (Arkiv) - \u00d8stmarka IL","isPartOf":{"@id":"https:\/\/www.xn--stmarkail-k8a.no\/#website"},"primaryImageOfPage":{"@id":"https:\/\/www.xn--stmarkail-k8a.no\/?page_id=534#primaryimage"},"image":{"@id":"https:\/\/www.xn--stmarkail-k8a.no\/?page_id=534#primaryimage"},"thumbnailUrl":"http:\/\/www.xn--stmarkail-k8a.no\/wp-content\/uploads\/2025\/03\/DSC04124-300x199-1.jpg","datePublished":"2025-03-02T15:13:24+00:00","dateModified":"2025-03-02T15:23:34+00:00","breadcrumb":{"@id":"https:\/\/www.xn--stmarkail-k8a.no\/?page_id=534#breadcrumb"},"inLanguage":"nb-NO","potentialAction":[{"@type":"ReadAction","target":["https:\/\/www.xn--stmarkail-k8a.no\/?page_id=534"]}]},{"@type":"ImageObject","inLanguage":"nb-NO","@id":"https:\/\/www.xn--stmarkail-k8a.no\/?page_id=534#primaryimage","url":"http:\/\/www.xn--stmarkail-k8a.no\/wp-content\/uploads\/2025\/03\/DSC04124-300x199-1.jpg","contentUrl":"http:\/\/www.xn--stmarkail-k8a.no\/wp-content\/uploads\/2025\/03\/DSC04124-300x199-1.jpg"},{"@type":"BreadcrumbList","@id":"https:\/\/www.xn--stmarkail-k8a.no\/?page_id=534#breadcrumb","itemListElement":[{"@type":"ListItem","position":1,"name":"Hjem","item":"https:\/\/www.xn--stmarkail-k8a.no\/"},{"@type":"ListItem","position":2,"name":"Tahirlekene (Arkiv)"}]},{"@type":"WebSite","@id":"https:\/\/www.xn--stmarkail-k8a.no\/#website","url":"https:\/\/www.xn--stmarkail-k8a.no\/","name":"\u00d8stmarka IL","description":"","potentialAction":[{"@type":"SearchAction","target":{"@type":"EntryPoint","urlTemplate":"https:\/\/www.xn--stmarkail-k8a.no\/?s={search_term_string}"},"query-input":{"@type":"PropertyValueSpecification","valueRequired":true,"valueName":"search_term_string"}}],"inLanguage":"nb-NO"}]}},"_links":{"self":[{"href":"https:\/\/www.xn--stmarkail-k8a.no\/index.php?rest_route=\/wp\/v2\/pages\/534","targetHints":{"allow":["GET"]}}],"collection":[{"href":"https:\/\/www.xn--stmarkail-k8a.no\/index.php?rest_route=\/wp\/v2\/pages"}],"about":[{"href":"https:\/\/www.xn--stmarkail-k8a.no\/index.php?rest_route=\/wp\/v2\/types\/page"}],"author":[{"embeddable":true,"href":"https:\/\/www.xn--stmarkail-k8a.no\/index.php?rest_route=\/wp\/v2\/users\/1"}],"replies":[{"embeddable":true,"href":"https:\/\/www.xn--stmarkail-k8a.no\/index.php?rest_route=%2Fwp%2Fv2%2Fcomments&post=534"}],"version-history":[{"count":2,"href":"https:\/\/www.xn--stmarkail-k8a.no\/index.php?rest_route=\/wp\/v2\/pages\/534\/revisions"}],"predecessor-version":[{"id":553,"href":"https:\/\/www.xn--stmarkail-k8a.no\/index.php?rest_route=\/wp\/v2\/pages\/534\/revisions\/553"}],"wp:attachment":[{"href":"https:\/\/www.xn--stmarkail-k8a.no\/index.php?rest_route=%2Fwp%2Fv2%2Fmedia&parent=534"}],"curies":[{"name":"wp","href":"https:\/\/api.w.org\/{rel}","templated":true}]}}